ive of s(g). Determine b(-5).
2
Let w(r) = -r**3 - 22*r**2 + 28*r + 32. Let z be w(-23). Let i = z + 85. Let p(j) = 4*j**2 - 2*j + 2. Calculate p(i).
14
Let t(f) be the second derivative of -f**6/360 + 5*f**4/12 + 4*f**3/3 - 38*f. Let g(k) be the second derivative of t(k). Give g(0).
10
Let w(b) = -b**3 + 5*b**2 - b + 5. Let t be w(5). Suppose t = 21*q - 19*q + 10. Let p(x) = -2*x - 4. Give p(q).
6
Let l(h) = h**3 - 31*h**2 - 32*h + 8. Let v be l(32). Let s(g) = -g**3 + 8*g**2 + 11. Determine s(v).
11
Let w(x) = -9*x - 20 - 1 - x**2 + 11. Suppose 2*i - 2*k + 14 = 0, 3*k = 4*i - 0*i + 28. Determine w(i).
4
Let v(q) = 10*q - 4. Suppose 45*o - 146 = 118*o. Determine v(o).
-24
Let x(t) = -t**2 - 2*t + 4. Suppose -120 = 16*b - 8. Calculate x(b).
-31
Let m(p) be the third derivative of p**8/6720 - p**7/315 - p**6/72 + 13*p**5/120 + p**4/6 - 17*p**2. Let z(b) be the second derivative of m(b). Calculate z(9).
4
Let d(h) = 4*h**2 - 4 - 3*h - 3*h + 9 - 3*h**2. Let y be d(5). Let w(t) = 5*t + 2*t**2 - 3*t**2 - 3 + y*t**2. What is w(5)?
-3
Suppose -1949 + 1937 = 6*d. Let l = 8 - 6. Let z(b) = -1 - 4*b**2 + 2*b**l + b**2. What is z(d)?
-5
Suppose -s - 3 = -3*u - 2*s, 4*u + 2*s = 2. Let x(n) = 2*n**2 - 2*n + 4. Let g be x(u). Let m(b) = 8*b**2 - b**3 - 6*b + 6*b - 6. Calculate m(g).
-6
Suppose 26*x + 11*x = 185. Let i(w) be the first derivative of 1/3*w**3 + 7/2*w**2 + 7*w + x. Determine i(-6).
1
Suppose 2*u - 36 = -24. Let o(m) = -3 + u + m + 3 - 9. Calculate o(-4).
-7
Let f(y) = -y**2 + y - 1. Let u be f(-2). Let z(n) = 23*n**2 + 9*n - 12. Let s(v) = 10*v**2 + 5*v - 5. Let m(c) = -7*s(c) + 3*z(c). Give m(u).
6
Let x(w) = -w - 1. Let o be (6/(-15))/(-1*(-3)/15). What is x(o)?
1
Suppose -7*l - 20 = -2*l. Let i(x) be the second derivative of 0*x**2 + 0 - 8*x + 1/12*x**4 + 2/3*x**3. Give i(l).
0
Let u(y) = 14*y**3 - y**2. Let p(q) = 2*q - 12. Let w be p(10). Let a(c) = c**3 - 9*c**2 + 9*c - 7. Let k be a(w). What is u(k)?
13
Suppose 13 = d - a, 4*a - 6 = -4*d + 22. Suppose -3*f + r = -r - d, 5*r = 3*f + 2. Let m(w) = -w**2 + 10*w - 8. Give m(f).
16
Let s be 130/18 - 2/9. Suppose -4 = 16*o - 18*o. Let b(z) = 16 - 4*z - 18 - z + z**o - z. Give b(s).
5
Let d = -2 - -4. Let p = 41 + -39. Let v(i) = -2*i + 2*i - 2 + 4*i + p*i. Determine v(d).
10
Let s(q) = -q**3 - 6*q**2 - 4*q + 1. Suppose 5*g + 2*b = 39, -5*g - 3*b = 2*b - 30. Suppose 1 = -2*y - g. Calculate s(y).
-4
Let m(w) = -3*w**2 + 60*w. Let q be m(20). Let p(s) be the third derivative of q + 0*s - 1/120*s**6 - 1/24*s**4 + 0*s**3 + 3*s**2 + 1/30*s**5. What is p(1)?
0
Let b = 649 + -653. Let w(c) = 2*c + 0 + 4 - 1. What is w(b)?
-5
Let v(q) = -q**3 + 5*q**2 + 6. Let r be -5*(12/(-10))/(-1). Let y be 6/(-2)*14/(-21)*1. Let c be (-1)/y - 33/r. Give v(c).
6
Let b = 428 + -420. Let v(l) = l**2 + 0 + 5 - 2*l**2 + 6*l. Give v(b).
-11
Let y(u) = -u**2 - 3*u + 14. Let h be y(-6). Let g be 3/(-6) - 14/h. Suppose -g*j + 1 = 4*l, 2*j + 1 - 3 = -4*l. Let p(x) = 9*x**2 + x + 1. What is p(j)?
9
Let p(u) = u + 6. Suppose -15*s + 13*s + 10 = 0. Suppose -4*r = -r - s*h - 20, h + 4 = 0. Give p(r).
6
Let o(s) be the third derivative of s**6/60 - s**5/12 - s**4/6 + 2*s**3/3 + 354*s**2. Determine o(4).
36
Let v = -237 + 123. Let b = -112 - v. Let q(f) = f**2 + f - 2. Give q(b).
4
Let x(h) be the first derivative of h**5/20 - h**4/12 - h**3/2 - 3*h**2/2 - 13*h + 1. Let t(u) be the first derivative of x(u). Determine t(-2).
-9
Let m(l) = l + 2*l + 19 + 5*l**3 + 19 - 3*l**2 - 53 + 12. Determine m(2).
31
Suppose -5*f - b - 2 = 0, f + b - 3 + 5 = 0. Let h(q) = f*q**3 + q - q + 2*q**2 - 4*q - 4 + q**3. Determine h(-3).
-1
Let r(z) be the second derivative of -z**4/12 + z**3/6 - 2*z**2 - 2*z - 4. Let l = 3 + -3. Give r(l).
-4
Let h(k) = k**2 - 2*k + 2. Suppose 34*w = 38*w - 8, w + 28 = 5*f. Determine h(f).
26
Let h(d) = 3*d**2 - 3*d + 28. Let w(r) = r**2 - 2*r. Let a(v) = h(v) - 2*w(v). Calculate a(0).
28
Suppose -3*k - 2*k = -20. Let w(h) be the first derivative of h + 3*h**2 + 6 - h - k*h**2. What is w(-5)?
10
Let q(r) = -r - 11. Let j be (10/25)/(1/(-5)). Let d(y) = -2*y**2 - 2*y + 1. Let b be d(j). Let c(h) = h**3 + 3*h**2 + 3*h + 4. Let o be c(b). Give q(o).
-6
Let n(l) be the first derivative of -l**5/20 - 5*l**4/12 - l**3/3 + 2*l**2 + 20*l + 19. Let m(y) be the first derivative of n(y). Give m(-4).
-4
Let v(w) = w - 1155 - 1166 + 2313. Calculate v(-11).
-19
Let y(w) = -8*w**2 + 13*w**2 + 9*w - w**3 - 3 - 10*w. Let l(a) = 0 - 8*a + 6 + a**2 - 2. Let h be l(8). Calculate y(h).
9
Let l(u) = -u**3 + 6*u**2 + 3*u. Let n be 3 - (26/(-2) - 0). Suppose 4*i + i + 4*p - 46 = 0, -n = -4*p. Determine l(i).
18
Suppose 0*z - 5*z - p + 11 = 0, -11 = -z + 2*p. Suppose z*u + r = 13, -19 = -4*u - r - 3. Let y(s) = s - 4. Determine y(u).
-1
Suppose -5*c = -17 - 13. Suppose 4*i = i + c. Let r(d) = -4*d**2 - 2*d**i - 5 + 0*d**2 + 2*d + d**3. What is r(6)?
7
Let x(k) = 24*k - 9. Let r(g) = -17*g + 6. Let z(v) = 7*r(v) + 5*x(v). Give z(3).
0
Let m = 7/11 - -41/22. Let y(d) be the second derivative of -m*d**2 - d + 0 - 1/6*d**3. Calculate y(-4).
-1
Suppose 3*j - 3*x + 5*x = 18, -31 = -4*j - 5*x. Let h(k) = -j - 18 - k + 18. Give h(0).
-4
Let j(b) = -7*b - 4. Suppose n = 5*r + 24, r - 3 = -4*n - 12. Determine j(r).
31
Let x(c) be the third derivative of c**5/60 - 5*c**4/8 + 7*c**3/2 + 3*c**2 - 21. Give x(14).
7
Let a(r) be the third derivative of -r**4/24 + r**3/3 - 7*r**2. Let y be a(8). Let b(o) = -o**2 - 6*o + 8. Determine b(y).
8
Let f be (-15)/(-10) - ((-15)/6 - -1). Let q(t) be the third derivative of -2*t**2 + 1/12*t**4 - 1/60*t**5 + 0*t**3 + 0 + 0*t. Calculate q(f).
-3
Let n(g) = g**3. Let o = -2 - -3. Let v(h) be the third derivative of h**6/24 - h**5/15 + h**4/24 + 2*h**3/3 - 117*h**2. Let m(j) = o*v(j) - 6*n(j). Give m(-4).
0
Suppose -z + 14 = -3*d - 3*z, -10 = 2*d + 2*z. Let a(j) = -3*j**2 - j - 8. Let q(c) = -168*c - 3 - c**2 + 168*c. Let l(o) = -4*a(o) + 11*q(o). Determine l(d).
-1
Let o(w) = 3*w**2 - 6*w**2 + 2*w - 2 - 3*w - 2 + w**2. Determine o(-2).
-10
Let t = -1253 - -1243. Let j(i) = -i - 8. Determine j(t).
2
Let t(c) = 3*c**3 - 14*c**2 - 4*c - 7. Let z(g) = -11*g**3 + 57*g**2 + 15*g + 28. Let o(q) = -15*t(q) - 4*z(q). What is o(-18)?
-7
Let p(m) = 6*m + 5. Let r(t) = -11*t - 11. Let x(c) = 7*p(c) + 4*r(c). Suppose 27*g + 49 = 20*g. What is x(g)?
5
Suppose 5*x + 77 = -3*z, -2*z + 5*z = -3*x - 75. Let c = z - -24. Let r(m) = -m**2 - m + 5. Determine r(c).
5
Let v(j) = 38*j + 6*j**2 - 1 + 36*j - 76*j. Suppose -170 = 5*m - 2*w, -2*m + 0*w = w + 77. Let f be (-4)/(-14) - m/(-28). Give v(f).
7
Let o(x) = 4 - 4*x + 3*x - 13. Let w(k) = -k**2 + 8*k - 9. Let u be w(6). Suppose -u*m = -3*b - 3, 4*m - 5 = -4*b - 1. What is o(b)?
-9
Let p(v) = 57 - 28 - 5*v - 27. Suppose -3*q + 21 = 3*y - 0, -3*y - 2*q + 23 = 0. Let n(r) = r - 11. Let w be n(y). What is p(w)?
12
Let l(v) = -5*v + 9. Let f(z) = -z**2 + 54*z - 398. Let a be f(45). Calculate l(a).
-26
Let l(f) be the first derivative of 0*f + 5 + 1/2*f**2. What is l(-2)?
-2
Let b = -43 + 36. Let f be 4 - -1 - (5 - b). Let d(z) = z**2 + 9*z - 5. Calculate d(f).
-19
Let d(s) be the third derivative of -s**8/6720 - s**7/1260 + s**5/120 + 3*s**4/8 - s**2. Let l(w) be the second derivative of d(w). Give l(-1).
0
Let a(p) = 64523 - 64523 - p. Suppose z - v = 4, 5*z - 29 + 9 = 2*v. Calculate a(z).
-4
Suppose -2*c = -4*x - 46, -3*x - 29 = -c + 5*c. Let m(b) = b**3 + 10*b**2 - 10*b + 1. Calculate m(x).
-10
Let a(p) = p - 1. Suppose -5*w - w - 12 = 0. Let n(u) = u**2 + u - 7. Let v(r) = w*a(r) + n(r). Determine v(4).
7
Let q(x) = 5*x + 4. Suppose -3*r + 8 = 4*u, 2*r + 0*r + 33 = 5*u. Calculate q(r).
-16
Suppose -137*l + 136*l - 5 = 0. Let a(v) = -v**3 - 8*v**2 + 4*v + 3. Let c(s) = -s**3 - 7*s**2 + 4*s + 3. Let y(n) = l*a(n) + 6*c(n). What is y(-4)?
19
Let v(g) = 37*g + 31*g - 3 - 66*g. Calculate v(3).
3
Let v(r) = -r - 4. Let w(t) = -t**3 + 22*t**2 + 26*t - 71. Let n be w(23). Give v(n).
-2
Let f(w) = w**3 - 3*w**2 + 4*w. Let c = 194 - 190. Give f(c).
32
Let i = 5 - 4. Let m(t) = -7*t**2 + 7*t - 6. Let z(q) = -6*q**2 + 6*q - 5. Let c(p) = 4*m(p) - 5*z(p). Calculate c(i).
1
Suppose 2*o = o - 15. Let m = 8 + o. Let p(d) = -d - 3. Give p(m).
4
Let g(a) = a - 1. Suppose 0 = -2*o - 8, 0 = 2*u + 5*o + 14 + 